{"id":6,"date":"2019-04-11T07:01:34","date_gmt":"2019-04-11T07:01:34","guid":{"rendered":"http:\/\/famkoller.ch\/?page_id=6"},"modified":"2019-04-11T07:53:45","modified_gmt":"2019-04-11T07:53:45","slug":"linksammlung","status":"publish","type":"page","link":"https:\/\/famkoller.ch\/?page_id=6","title":{"rendered":"Linksammlung"},"content":{"rendered":"\n<table class=\"wp-block-table is-style-regular\"><tbody><tr><td><a href=\"https:\/\/www.stadt-zuerich.ch\/vbz\">VBZ<\/a><\/td><td><a href=\"http:\/\/www.relimedia.ch\/\">Bibliothek Kirchen<\/a> <\/td><td> <a href=\"http:\/\/krankenversicherung.ch\/\">krankenversicher<\/a> <\/td><td> <br><a href=\"http:\/\/www.cnlab.ch\/perftest\/\">Performance testen<\/a> <\/td><\/tr><tr><td><a href=\"http:\/\/www.zvv.ch\">ZVV Online Fahrplan<\/a><\/td><td><a href=\"http:\/\/opac.winmedio.net\/Birmensdorf\/\">Bibliothek Birmensdorf<\/a> <\/td><td><a href=\"http:\/\/www.sparziel.ch\/\">sparziel.ch<\/a> <\/td><td> <br><a href=\"http:\/\/www.cnlab.ch\/\">cnlab<\/a> <\/td><\/tr><tr><td><a href=\"http:\/\/www.sbb.ch\">SBB<\/a><\/td><td><a href=\"http:\/\/www.bibliotheken-zh.ch\/Affoltern\/#Start1\">Bibliothek Affoltern<\/a> <\/td><td><a href=\"http:\/\/www.bonus.ch\/\">bonus.ch<\/a> <\/td><td><a href=\"http:\/\/metanet.ch\">metanet<\/a><\/td><\/tr><tr><td><a href=\"http:\/\/www.zsg.ch\">Z\u00fcrichseeschifffahrtsgesellschaft ZSG<\/a><\/td><td><a href=\"http:\/\/www.katholisch.de\/video\/serien\/katholisch-fur-anfanger\">katholisch f\u00fcr anf\u00e4nger<\/a> <\/td><td><a href=\"http:\/\/www.vzonline.ch\/\">vzonline.ch<\/a> <\/td><td> <br><a href=\"http:\/\/www.init7.net\/support\/ip-adress-test.php\">ip-adress test von init7<\/a> <\/td><\/tr><tr><td><a href=\"https:\/\/www.lakelucerne.ch\/\">Schifffahrtsgesellschaft Vierwaldst\u00e4ttersee<\/a> <\/td><td> <a href=\"http:\/\/2012modul35.wordpress.com\/\">Modul 35<\/a><\/td><td><a href=\"http:\/\/www.comparis.ch\/\">comparis.ch<\/a> <\/td><td> <br><a href=\"http:\/\/hostpoint.ch\/\">Hostpoint<\/a> <\/td><\/tr><tr><td><a href=\"http:\/\/www.postauto.ch\/\">Postauto Schweiz<\/a> <\/td><td><a href=\"http:\/\/modul06.wordpress.com\/\">Modul 06<\/a> <\/td><td><a href=\"http:\/\/www.praemien.admin.ch\/\">praemien.admin.ch<\/a> <\/td><td> <br><a href=\"http:\/\/www.ubuntu.com\/\">Ubuntu<\/a> <\/td><\/tr><tr><td><a href=\"http:\/\/www.rhb.ch\/\">Rhb R\u00e4htische Bahn<\/a> <\/td><td><a href=\"http:\/\/modul19farp.wordpress.com\/\">Modul 19<\/a> <\/td><td> <br><a href=\"http:\/\/www.bag.admin.ch\/\">Bundesamt f\u00fcr Gesund<\/a> <\/td><td> <br><a href=\"http:\/\/fedoraproject.org\/\">Fedora<\/a> <\/td><\/tr><tr><td><a href=\"http:\/\/www.mgbahn.ch\/\">Matterhorn Gotthard Bahn<\/a> <\/td><td><a href=\"http:\/\/wp.religionspaedagogikzh.ch\/modul36\/\">Modul 36<\/a>  <\/td><td> <br><a href=\"http:\/\/www.konsumentenschutz.ch\/\">Musterbriefe<\/a> <\/td><td> <br><a href=\"http:\/\/www.openoffice.org\/\">Open Office English<\/a> <\/td><\/tr><tr><td><a href=\"http:\/\/www.glacierexpress.ch\/\">Glacierexpress<\/a> <\/td><td><a href=\"http:\/\/www.rpi-virtuell.net\/\">rpi Material<\/a> <\/td><td> <br><br> <a href=\"http:\/\/www.vzonline.ch\/\">schriftliche vorschl\u00e4ge<\/a> <\/td><td> <br><a href=\"http:\/\/de.openoffice.org\/\">Open Office Deutsch<\/a> <\/td><\/tr><tr><td><a href=\"http:\/\/www.mob.ch\/\">MOB Montreux-Oberlandbahn<\/a> <\/td><td><a href=\"http:\/\/www.religionen-entdecken.de\/startseite\">Religion entdecken<\/a> <\/td><td> <br><a href=\"http:\/\/www.preise.ch\/\">www.preise.ch<\/a> <\/td><td><\/td><\/tr><tr><td><a href=\"http:\/\/www.suedostbahn.ch\/\">SOB S\u00fcdostbahn<\/a> <\/td><td><a href=\"http:\/\/4teachers.de\/?action=show&amp;id=2313&amp;page=3\">Foren Untilektionen<\/a> <\/td><td> <br><a href=\"http:\/\/www.toppreise.ch\/\">www.toppreise.ch<\/a> <\/td><td> <br><a href=\"http:\/\/www.stegcomputer.com\/\">STEG-Computer<\/a> <\/td><\/tr><tr><td><a href=\"http:\/\/www.rigi.ch\/\">Rigi-Bahnen<\/a> <\/td><td><a href=\"http:\/\/www.kirchliche-medien.ch\/unterrichtsmaterial\/\">Kirchliche Medien<\/a> <\/td><td> <br><a href=\"http:\/\/www.preissuchmaschine.ch\/\">www.preissuchmaschin<\/a> <\/td><td> <br><a href=\"http:\/\/www.computerexpress.ch\/aspx\/default.aspx\">Brack Elektroniccomputerexpress<\/a> <\/td><\/tr><tr><td><a href=\"http:\/\/www.bernmobil.ch\/\">Verkehrsbetriebe Bern<\/a> <\/td><td><a href=\"http:\/\/www.kathaargau.ch\/katechese-medien\/schatztruhe\/index.php\">Unti-Material<\/a> <\/td><td> <br><a href=\"http:\/\/www.comparis.ch\/\">www.comparis.ch<\/a> <\/td><td> <br><a href=\"http:\/\/www.maxdata.ch\/de\/index.html\">Maxdata<\/a> <\/td><\/tr><tr><td><a href=\"http:\/\/www.bvb-basel.ch\/\">Verkehrsbetriebe Basel<\/a> <\/td><td><a href=\"http:\/\/www.religionspaedagogikzh.ch\/index.php?&amp;na=7,2,0,0,d\">Mittelstufe-Sch\u00f6pfung<\/a> <\/td><td> <br><a href=\"http:\/\/www.stva.zh.ch\/\">Strassenverkehrsamt ZH<\/a><\/td><td> <br><a href=\"http:\/\/www.pearl.ch\/\">Pearl<\/a> <\/td><\/tr><tr><td><a href=\"http:\/\/www.vbl.ch\/\">Verkehrsbetriebe Luzern<\/a> <\/td><td><\/td><td> <br><br> <a href=\"http:\/\/www.tortenfotos.ch\/\">Tortenfotos<\/a> <\/td><td> <br><a href=\"http:\/\/www.conrad.ch\/\">Conrad Elektronik<\/a> <\/td><\/tr><tr><td><a href=\"http:\/\/www.stadt.sg.ch\/home\/technische_betriebe\/verkehrsbetriebe.html\">Verkehrsbetriebe St. Gallen<\/a> <\/td><td><\/td><td><\/td><td> <br><a href=\"http:\/\/www.homegate.ch\/\">Homegate<\/a> <\/td><\/tr><tr><td><\/td><td><\/td><td><\/td><td> <br><a href=\"http:\/\/www.akb.ch\/immochannel\">www.akb.ch\/immochannel<\/a> <\/td><\/tr><tr><td> <br><a href=\"http:\/\/www.sok.ch\/\">Schweizer Orthographische Konferenz<\/a> <\/td><td><\/td><td><\/td><td> <br><a href=\"http:\/\/www.akb.ch\/hypotheken\">www.akb.ch\/hypotheken<\/a> <\/td><\/tr><tr><td> <br><a href=\"http:\/\/swissclips.com\/\">swissclips<\/a> <\/td><td><\/td><td><\/td><td> <br><a href=\"http:\/\/www.kleinkind-online.de\/seiten\/kinderlieder\/index.htm\">Kleinkind-online<\/a> <\/td><\/tr><tr><td> <br><a href=\"http:\/\/teddy-in-munich.de\/\">teddy-ferien<\/a> <\/td><td><\/td><td><\/td><td><\/td><\/tr><tr><td> <br><a href=\"http:\/\/verkehrstot.ch\/\">Verkehrstote<\/a> <\/td><td><\/td><td><\/td><td><\/td><\/tr><tr><td> <br><a href=\"http:\/\/www.geo.admin.ch\/\">Schweizerische Landestopografie<\/a><br><br><\/td><td><\/td><td><\/td><td><\/td><\/tr><tr><td><a href=\"http:\/\/www.kapo.zh.ch\/internet\/sicherheitsdirektion\/kapo\/de\/aktuell\/eisbulletin.html\">Eisbulletin Kanton Z\u00fcrich<\/a>  <\/td><td><\/td><td><\/td><td> <br><a href=\"http:\/\/wireltern.ch\/\">Wir Eltern<\/a> <\/td><\/tr><tr><td><a href=\"http:\/\/www.gis.zh.ch\/\">GIS- geografisches Informationssystem ZH<\/a> <\/td><td><\/td><td><\/td><td> <br><a href=\"http:\/\/www.swissmom.ch\/\">Swissmom<\/a> <\/td><\/tr><tr><td> <br><a href=\"http:\/\/melani.admin.ch\/\">melde und analysestelle informationssicherung<\/a> melani <\/td><td><\/td><td><\/td><td> <br><a href=\"http:\/\/www.swissmomforum.ch\/forum\/\">Swissmomforum<\/a> <\/td><\/tr><tr><td> <br><a href=\"http:\/\/cybercrime.admin.ch\/\">koordinationstelle zur bek\u00e4mpfung der internetkriminalit\u00e4t<\/a> <\/td><td><\/td><td><\/td><td> <br><a href=\"http:\/\/www.projekt-bastelbogen.de\/\">Bastelbogen<\/a> <\/td><\/tr><tr><td> <br><a href=\"http:\/\/safersurfing.ch\/\">kinder f\u00fcr das web sensibilisieren<\/a> <\/td><td><\/td><td><\/td><td> <br><a href=\"https:\/\/www.antolin.de\/\">Antolin<\/a> <\/td><\/tr><tr><td> <br><a href=\"http:\/\/security-check.ch\/\">den pc direkt online auf sicherheitsl\u00f6cher \u00fcberpr\u00fcfen<\/a> <\/td><td><\/td><td><\/td><td> <br><a href=\"http:\/\/www.wunderbare-enkel.de\/\">Basteln und Malen Enkelseite<\/a> <\/td><\/tr><tr><td> <br><a href=\"http:\/\/heise.de\/security\">bekannte infoseite zum thema computersicherheit<\/a> <\/td><td><\/td><td><\/td><td><\/td><\/tr><tr><td><\/td><td><\/td><td><\/td><td><\/td><\/tr><\/tbody><\/table>\n","protected":false},"excerpt":{"rendered":"<p>VBZ Bibliothek Kirchen krankenversicher Performance testen ZVV Online Fahrplan Bibliothek Birmensdorf sparziel.ch cnlab SBB Bibliothek Affoltern bonus.ch metanet Z\u00fcrichseeschifffahrtsgesellschaft ZSG katholisch f\u00fcr anf\u00e4nger vzonline.ch ip-adress test von init7 Schifffahrtsgesellschaft Vierwaldst\u00e4ttersee Modul 35 comparis.ch Hostpoint Postauto Schweiz Modul 06 praemien.admin.ch Ubuntu Rhb R\u00e4htische Bahn Modul 19 Bundesamt f\u00fcr Gesund Fedora Matterhorn Gotthard Bahn Modul 36 Musterbriefe [&hellip;]<\/p>\n","protected":false},"author":1,"featured_media":0,"parent":0,"menu_order":0,"comment_status":"closed","ping_status":"closed","template":"","meta":{"footnotes":""},"class_list":["post-6","page","type-page","status-publish","hentry"],"_links":{"self":[{"href":"https:\/\/famkoller.ch\/index.php?rest_route=\/wp\/v2\/pages\/6"}],"collection":[{"href":"https:\/\/famkoller.ch\/index.php?rest_route=\/wp\/v2\/pages"}],"about":[{"href":"https:\/\/famkoller.ch\/index.php?rest_route=\/wp\/v2\/types\/page"}],"author":[{"embeddable":true,"href":"https:\/\/famkoller.ch\/index.php?rest_route=\/wp\/v2\/users\/1"}],"replies":[{"embeddable":true,"href":"https:\/\/famkoller.ch\/index.php?rest_route=%2Fwp%2Fv2%2Fcomments&post=6"}],"version-history":[{"count":8,"href":"https:\/\/famkoller.ch\/index.php?rest_route=\/wp\/v2\/pages\/6\/revisions"}],"predecessor-version":[{"id":31,"href":"https:\/\/famkoller.ch\/index.php?rest_route=\/wp\/v2\/pages\/6\/revisions\/31"}],"wp:attachment":[{"href":"https:\/\/famkoller.ch\/index.php?rest_route=%2Fwp%2Fv2%2Fmedia&parent=6"}],"curies":[{"name":"wp","href":"https:\/\/api.w.org\/{rel}","templated":true}]}}