{"id":34,"date":"2019-04-11T07:57:36","date_gmt":"2019-04-11T07:57:36","guid":{"rendered":"http:\/\/famkoller.ch\/?page_id=34"},"modified":"2019-04-11T08:16:26","modified_gmt":"2019-04-11T08:16:26","slug":"behandlig","status":"publish","type":"page","link":"https:\/\/famkoller.ch\/?page_id=34","title":{"rendered":"Behandlig"},"content":{"rendered":"\n<figure class=\"wp-block-image\"><img decoding=\"async\" src=\"https:\/\/famkoller.ch\/alt-web\/dscn2520.jpg\" alt=\"\"\/><\/figure>\n\n\n\n<p>Mini F\u00fcessli vor de Behandlig<\/p>\n\n\n\n<p><strong>1. Behandlig<\/strong> (7.10.05)<br>Am erscht\u00e4 \nFriitig vo mim Leb\u00e4 sind mer scho id&nbsp;Schulthess Klinik zum Dr. Velasco \ngang\u00e4. Er h\u00e4tt mini F\u00fcessli gnau agluegt und min\u00e4 Eltere erkl\u00e4rt wie er \ndas tuet behandle. Denn h\u00e4tt er mini H\u00fcft agluegt mit em \nUltraschallgr\u00e4t. Mini H\u00fcft sind nuch n\u00fcd guet usgriift gsi aber das sig \nnormal i dem Alter&#8230; Tja und denn h\u00e4tt f\u00fcr mich erscht richtig agfange,\n bis jetzt isch ja alls nuch recht sch\u00f6n gsi.<br>Mir h\u00e4nd den de Rum \ngwechslet und sind is Gipszimmer gang\u00e4, vorher han ich nuch \u00f6ppis s \ntrinke \u00fcbercho bim Mami. Im Gipszimmer h\u00e4tt der Dr. Velasco mini ganze \nBei igipst, tja dur es paar Misgschick vorallem wege de Gipserin h\u00e4nds \nder erschti nuch emal m\u00fcsse wegneh und zwar mit em Messer und h\u00e4nd min \nFuess verletzt das h\u00e4tt mega weh tue und ich han fescht m\u00fcess\u00e4 br\u00fcel\u00e4. \nWo denn das alls verbi gsi isch han ich mit em Mami und em Papi wieder \nhei go ch\u00e4nn\u00e4. De ganz Abig han ich m\u00fcess\u00e4 br\u00fcel\u00e4 und han mini Elter\u00e4 \nfascht zur Verzwiflig bracht, es isch doch so uagnehm mit dene schwere \nBei! Ich han mi denn aber schnell dra gw\u00f6hnt&#8230;<\/p>\n\n\n\n<figure class=\"wp-block-image\"><img decoding=\"async\" src=\"https:\/\/famkoller.ch\/alt-web\/erste-gipsli.jpg\" alt=\"\"\/><\/figure>\n\n\n\n<p>Das sind mini erscht\u00e4 Gipsli<\/p>\n\n\n\n<p><strong>2.&nbsp; &#8211; 4. Behandlig<\/strong><br>Da han ich jedes Mal n\u00fci \nGipsli \u00fcbercho. Das ganzi isch besser abglofe, ich han immer anderi \nGipser cha. De Dr. Velasco isch immer sehr zfriede gsi wie schnell das \nbi mir vorw\u00e4rts gaht. S Mami und de Papi h\u00e4nd au Freud gha das es bald \nfertig isch mit den\u00e4 Gipsli<\/p>\n\n\n\n<figure class=\"wp-block-image\"><img decoding=\"async\" src=\"https:\/\/famkoller.ch\/alt-web\/gipslivorher.jpg\" alt=\"\"\/><\/figure>\n\n\n\n<p>4. Gipsli vor der Achillessehne Durchtrennig<\/p>\n\n\n\n<p><strong>5. Behandlig<\/strong> (4.11.05)<br>Da bin ich scho en Mon\u00e4t \nalt gsi und scho mini erscht chlini Operation. Nei so schlimm isch es \nn\u00fcd gsi. De Dr. Velasco h\u00e4tt mini Achillessehne m\u00fcess\u00e4 durchtrenne damit\n sie l\u00e4nger wird und ich de Fuess guet chan abrolle bim lauf\u00e4. Ich wett \nja mal richtig lauf\u00e4 ch\u00e4nn\u00e4!<br>Also ich han z erscht s trink\u00e4 \u00fcbercho \nvum Mami und denn han ich bim Dokter es Z\u00e4pfli mit Schlafmittel \u00fcbercho,\n derzue nuch Pflaschter wo t\u00fcend \u00f6rtlich bet\u00e4ub\u00e4 ad Achillessehne. Denn \nhan ich ide Warteziit nuch d\u00f6rfe a de Bruscht trink\u00e4. Denn bin ich so \nrichtig m\u00fced worde und Behandlig h\u00e4tt agfang\u00e4. De Dr. Velasco h\u00e4tt also \nmini Achillessehne durchtrennt und es Pflaschter druftue es h\u00e4tt doch \nrecht bluetet am Afang. Mini Eltere h\u00e4nd mich ghebt und tr\u00f6schtet wil es\n paar Tr\u00e4nli han ich doch m\u00fcess\u00e4 verg\u00fcss\u00e4 w\u00e4hrend em Schnitt. Das h\u00e4tt \ntrotz Bet\u00e4ubig chli wehtue! Nachher han ich wieder Gipsli \u00fcbercho f\u00fcr \nzwei Wuch\u00e4.<\/p>\n\n\n\n<p><strong>6. Behandlig<\/strong> (18.11.05)<br>Da han ich nur wieder \nn\u00fci Gipsli \u00fcbercho. De Dokter isch mega zfriede gsi mit de F\u00fcessli will d\n Achillessehne isch scho wieder z\u00e4m\u00e4 gwachse gsi. Das isch so \u00f6ppis wo \neus niemmert glaub das das wieder z\u00e4m\u00e4wachst eifach so.<\/p>\n\n\n\n<p><strong>7. Behandlig<\/strong> (25.11.05)<br>Da bin ich mini erscht\u00e4 \nGipsli \u00e4ndlich los worde. Na ja derf\u00fcr&nbsp;h\u00e4tts den es Fuessgstell geh, das\n isch au n\u00fcd so toll aber das chan ich wenigschtens all Tag ei Stund \nabzieh und b\u00e4dele d\u00f6rf ich jetzt au wieder. Isch das der Plausch&#8230; <br>W\u00e4hrend\n am Apasse han ich immer br\u00fcelet will das isch \u00fcberhaupt n\u00fcd luschtig \ngsi a min\u00e4 F\u00fcessli umehandiere. Derf\u00fcr han ich nachher uf em Heiweg nur \ngschlafe.<\/p>\n\n\n\n<figure class=\"wp-block-image\"><img decoding=\"async\" src=\"https:\/\/famkoller.ch\/alt-web\/gestell.jpg\" alt=\"\"\/><\/figure>\n\n\n\n<p>Das isch grad nachem erscht\u00e4 Mal bade, am erscht\u00e4 Tag mit dem Gstell!<\/p>\n\n\n\n<p><strong>8. Behandlig<\/strong> (4.01.06)<br>De Dokter h\u00e4tt wel\u00e4 luege\n wie mini F\u00fcessli usgsehnt und wie sich das ganzi Entwicklet h\u00e4tt. Er \nisch zfriede mit em Resultat. Derzue h\u00e4tt er wieder mal mini H\u00fceftli \nagluegt und en Ultraschall gmacht. Ich han ihn agl\u00e4chlet und er h\u00e4tt s \nmega sch\u00f6n gfunde. So machts Spass zum Dokter go.<\/p>\n\n\n\n<p><strong>9. Behandlig<\/strong> (28.02.06)<br>\u00c4ndlich isch es sowiit \nich muess das Gstell nur noch ide Nacht aleg\u00e4. Yeh!! Also ich freu mich \nmega ufs Strample de ganz Tag und d F\u00fcess id Luft heb\u00e4 ohni so vill \nGwicht dra!<br>Aso de Dokter isch zfriede mit de F\u00fcessli. Ich muess jetzt lang n\u00fcm\u00e4 go. Erscht i dr\u00fc Mon\u00e4t wieder! Yeh!!<\/p>\n\n\n\n<p><strong>10. Behandlig<\/strong> (31.05.06)<br>De Dokter isch sehr \nzfriede mit mine F\u00fcssli, er seit das alls guet chunnt und mer \nwahrschiinli gar n\u00fcd me gseh wird! Mir h\u00e4nd uh Freud!! Jetzt chum ich \nn\u00fci Sch\u00fcehli \u00fcber da mini Fuess jetzt doch recht gwachse&nbsp;sind! Nur bis \ndie ch\u00e4nd gahts nuch es paar Wuche. Die Sch\u00fcehli werdet in Amerika \ngmacht und \u00fcber England ch\u00e4nds zu \u00fcs id Schwiiz. So gaht das halt chli \nl\u00e4nger! Der\u00fcr sinds Massgschnideret. F\u00fcr de Moment han ich \nErsatzsch\u00fcehli die sind aber nie so guet wie die andere! I dr\u00fc Mon\u00e4t \nmuess ich den wieder zum Dokter!<\/p>\n\n\n\n<p><strong>11. Behandlig<\/strong>&nbsp;(05.09.06)<br>De Dokter isch immer nuch sehr zfriede mit mine F\u00fcssli&#8230; Er meint meh gseht gar n\u00fcd me das ich emal Klumpf\u00fcssli gha han!<br>Er h\u00e4tt glueget wie ich uf mine F\u00fcssli stah, au das isch guet. Ich stah ja au sehr gern uf!<br>Jetzt muess ich erscht i vier M\u00f6n\u00e4t wieder go!<\/p>\n\n\n\n<p><strong>12. Behandlig<\/strong> (10.01.07)<br>De Dokter isch sehr zfriede mit mine F\u00fcessli. Er h\u00e4tt ganz gnau welle luege wie ich chan laufe. <strong>folgende Behandlungen bis Oktober 2009<\/strong><\/p>\n\n\n\n<p>De\n Dokter isch immer zfriede gsi mit mine F\u00fcessli und ich han s Gstell au \nall Nacht a! So muess ich das noch alege bis zum mim vierte Geburtstag.<br>A mine F\u00fcessli gseht mer n\u00fcd meh das ich Klumpff\u00fcssli gha han. Mer machet bald mal es F\u00f6teli vo mine F\u00fcessli.<br><strong>ab November 2011<\/strong><\/p>\n\n\n\n<p>Im \nOktober 2011 h\u00e4tt em Dr. Velasco beweglichkeit und dehnbarkeit vo de \nAchillessehne n\u00f6d gfalle. So sind mir ab em November all Wuch\u00e4 id Physio\n w\u00e4hred 2 Mon\u00e4t. Bi de n\u00e4chschte Kontrolle, h\u00e4tt me e Verbesserig gseh, \naber zwenig. So sind mir wiederhii id Physio aber nur noch all 2 Wuch\u00e4. <\/p>\n\n\n\n<p><strong>Im Mai 2012<\/strong><\/p>\n\n\n\n<p>Mir\n h\u00e4nd wieder en Termin bim Dr. Velasco gha. Er gseht e starki \nVerbesserig isch aber immer nonig ganz zfriede. Mir h\u00e4nd uf Rat vo de \nPhysiotherapeutin gseit mir well\u00e4t wiederhin id Physio all 2 Wuch\u00e4. So \ng\u00f6nd mir jetzt wieder bis im September wo mir de n\u00e4chscht Termin bim Dr.\n Velasco h\u00e4nd.<br><strong>November 2013<\/strong><br><br>\nFlavia hat monatlich einen Termin bei der Physiotherapie. Dr. Velasco \nist sehr zufrieden. Das einzige was wir gut beobachten m\u00fcssen, ist die \nDehnbarkeit der Achillessehne. Flavia hat sehr sch\u00f6ne F\u00fcsse. Sie sind \neher klein. Sie hat mit 8 Jahren eine Schuhgr\u00f6sse von 29. Ihre \nGeschwister haben sie alle \u00fcberholt. \n\n<\/p>\n","protected":false},"excerpt":{"rendered":"<p>Mini F\u00fcessli vor de Behandlig 1. Behandlig (7.10.05)Am erscht\u00e4 Friitig vo mim Leb\u00e4 sind mer scho id&nbsp;Schulthess Klinik zum Dr. Velasco gang\u00e4. Er h\u00e4tt mini F\u00fcessli gnau agluegt und min\u00e4 Eltere erkl\u00e4rt wie er das tuet behandle. Denn h\u00e4tt er mini H\u00fcft agluegt mit em Ultraschallgr\u00e4t. Mini H\u00fcft sind nuch n\u00fcd guet usgriift gsi aber [&hellip;]<\/p>\n","protected":false},"author":1,"featured_media":0,"parent":7,"menu_order":2,"comment_status":"closed","ping_status":"closed","template":"","meta":{"footnotes":""},"class_list":["post-34","page","type-page","status-publish","hentry"],"_links":{"self":[{"href":"https:\/\/famkoller.ch\/index.php?rest_route=\/wp\/v2\/pages\/34"}],"collection":[{"href":"https:\/\/famkoller.ch\/index.php?rest_route=\/wp\/v2\/pages"}],"about":[{"href":"https:\/\/famkoller.ch\/index.php?rest_route=\/wp\/v2\/types\/page"}],"author":[{"embeddable":true,"href":"https:\/\/famkoller.ch\/index.php?rest_route=\/wp\/v2\/users\/1"}],"replies":[{"embeddable":true,"href":"https:\/\/famkoller.ch\/index.php?rest_route=%2Fwp%2Fv2%2Fcomments&post=34"}],"version-history":[{"count":1,"href":"https:\/\/famkoller.ch\/index.php?rest_route=\/wp\/v2\/pages\/34\/revisions"}],"predecessor-version":[{"id":36,"href":"https:\/\/famkoller.ch\/index.php?rest_route=\/wp\/v2\/pages\/34\/revisions\/36"}],"up":[{"embeddable":true,"href":"https:\/\/famkoller.ch\/index.php?rest_route=\/wp\/v2\/pages\/7"}],"wp:attachment":[{"href":"https:\/\/famkoller.ch\/index.php?rest_route=%2Fwp%2Fv2%2Fmedia&parent=34"}],"curies":[{"name":"wp","href":"https:\/\/api.w.org\/{rel}","templated":true}]}}